s be g(9). Calculate the remainder when 26 is divided by (4/8)/(s/36).
8
Suppose -3*i + 4*i + 61 = 3*h, 0 = 2*h + 3*i - 59. What is the remainder when h is divided by 4?
2
What is the remainder when (-1 - 0) + (49 - -5) is divided by 28?
25
Let x(i) be the first derivative of i**2 - 9*i - 3. Suppose 0 = 4*v + 3*m - 17, 3*v - 2*m - m = -3. Calculate the remainder when x(7) is divided by v.
1
Let v(d) = -d**3 + 4*d**2 - 4*d + 2. Let l be v(2). Let w be ((-15)/l)/(3/(-6)). Let k = -5 + w. What is the remainder when k is divided by 4?
2
What is the remainder when (-2)/((-2)/(8 - 4)) is divided by 3?
1
Let h be 3/((-3)/5)*1. Let d = h + 8. What is the remainder when d is divided by 2?
1
Suppose 5*k = -0*k + 10. Suppose -20 = -3*a + j - 5*j, 3*a - 10 = -k*j. Let n = a - -10. What is the remainder when 28 is divided by n?
8
Let y be (-2)/(-2)*20/4. Suppose -y = -2*w + 7. What is the remainder when 22 is divided by w?
4
Calculate the remainder when 2/5 - (7272/(-20) - 5) is divided by 12.
9
Let w be ((-3)/1 - 2)/(-1). Suppose -w*z + 58 = -42. What is the remainder when 78 is divided by z?
18
Let k(o) = 2*o**2 + 5*o. Let a = 7 - 11. What is the remainder when 47 is divided by k(a)?
11
Let s = 105 - 93. What is the remainder when 42 is divided by s?
6
Suppose -25 - 8 = -s + 5*l, -3*l - 43 = -s. Calculate the remainder when s is divided by -2 + -3 + 25/1.
18
Let j(h) = -34*h + 10. Calculate the remainder when j(-2) is divided by 20.
18
Suppose -2*b + 87 = -27. Calculate the remainder when b is divided by 15.
12
Suppose 0 = -b - 3*s + 14, 28 + 28 = 4*b - 3*s. Calculate the remainder when 54 is divided by b.
12
Suppose -5*j + 85 = 3*z, 2*j = -j - 3*z + 45. Let h = -230 + 309. Calculate the remainder when h is divided by j.
19
Suppose -2*w - 16 = -5*h + 35, 5*h = 4*w + 47. Suppose 2*a + 2 = 10, 0 = -s + 2*a + 34. Calculate the remainder when s is divided by h.
9
Let b(u) = -3*u + 6. Let h be b(6). Let x = h + 21. What is the remainder when (3/(6/52))/1 is divided by x?
8
Suppose -4*u = -2*v - 3*u + 33, -u = 4*v - 81. Suppose 3*z - 25*z = -1650. What is the remainder when z is divided by v?
18
Let u be (1/(-3))/((-2)/12). Suppose 0 = -6*d + 2*d + 16, u*d - 32 = -3*b. Suppose 2*h - 4 = 2. Calculate the remainder when b is divided by h.
2
Suppose 4*d - 123 = d. What is the remainder when d is divided by 14?
13
Calculate the remainder when -6*19/(-3) - -1*2 is divided by (42/(-10))/((-1)/5).
19
Suppose -2*s + 316 = -22. Let p = -87 + s. What is the remainder when p is divided by 28?
26
Let a = -35 + 57. Calculate the remainder when a is divided by 6.
4
Suppose -j + g = -0*g - 22, 137 = 5*j + 4*g. Let r(y) = -17*y + 5. Calculate the remainder when r(-4) is divided by j.
23
Let w(n) = n**2 + 2*n - 5. Let y be -4 + (-3)/(-2 - -5). What is the remainder when w(y) is divided by 4?
2
Suppose 19 = -v - f, -v + 5*f = v + 17. Calculate the remainder when 4/(-6)*312/v is divided by 7.
6
Let a be 3*(-2)/(6/(-11)). Suppose -2*b - b + 19 = 2*y, -y = 3*b - a. Calculate the remainder when 23 is divided by y.
7
Let c be (-24)/(-10) + (-18)/(-30). Suppose 0 = -2*p - 2*p - 5*w + 58, 2*w = -c*p + 40. Calculate the remainder when p is divided by 7.
5
Suppose -20 = 2*o + 2*b - 4*b, o = -3*b - 14. Suppose -n = -4*s + 19, -5*s = -2*s + n - 9. What is the remainder when (o/(-3))/(3/9) is divided by s?
3
Suppose 0*d = d. Suppose d*f = f - 12. Suppose -2*p + 4*l + 48 = 0, l + 81 = 2*p + 18. Calculate the remainder when p is divided by f.
10
Suppose 2 = n + 2*l, l - 3*l = -n + 10. Suppose 2 + n = 2*x. Suppose -4*d + 44 = x*j, 2*d + d + 3 = 0. Calculate the remainder when 23 is divided by j.
11
Suppose -2*y + 0*q + 31 = q, -2*q = -5*y + 55. Calculate the remainder when 19 is divided by y.
6
Suppose 3*g = 2*b + 1 - 6, 0 = b - 4*g. Let l = b - 4. What is the remainder when 11 is divided by 4/6*(9 + l)?
5
Let q = -3 - -3. Suppose b + 30 = 2*j, j + b - 15 = -q*j. What is the remainder when j is divided by 6?
3
Let i = -18 + 9. Let m(f) = 1 + 7*f + f**2 - 1 - 3. Calculate the remainder when m(i) is divided by 8.
7
Let f(c) = -23*c + 2. Let d be f(-1). Let m = 13 + d. Let k = -31 + 51. Calculate the remainder when m is divided by k.
18
Calculate the remainder when 45 is divided by ((-12)/8)/((-6)/64).
13
Let k be 12*-10*1/(-4). Suppose o = -8 + k. Calculate the remainder when 64 is divided by o.
20
Suppose 5*b + 7 = -4*a + a, 2*a - 22 = 2*b. What is the remainder when 23 is divided by a?
5
Let u(l) = 3 + 2*l**3 + l - l**3 + 0*l**3 - 5*l. Let s(m) = 3*m**3 - 2*m**2 + 2*m - 1. Calculate the remainder when u(2) is divided by s(1).
1
Let d be (-1)/(-2 + 3/2). Suppose 4*u - 29 = -3*p, 5*u + 6*p = d*p + 35. Calculate the remainder when u is divided by 4.
3
What is the remainder when ((-5)/2 - -2)*-22 is divided by 3?
2
Suppose 8 = 3*w + 2. Suppose 0 = 5*p - w*g - 4, -25 = -p - 4*p - 5*g. Suppose p = -0*v + 2*v. What is the remainder when v is divided by 1?
0
Let u be 3*((-8)/(-6) + -1). Let v = u + -4. Calculate the remainder when 81 is divided by 249/12 + v/(-12).
18
Suppose 0*j - 5*j = -35. Suppose j*v = 3*v + 88. Calculate the remainder when 42 is divided by v.
20
Let l = -3 - -3. Let s be (2 + -85)*1 - l. Let x = -40 - s. What is the remainder when x is divided by 15?
13
Let s = -2 - -5. Suppose -6 = x - s*t, 3*x - 2*x + t = 6. Calculate the remainder when x is divided by 2.
1
Suppose 4*n - 207 = -5*q - 61, 0 = q - 2*n - 32. What is the remainder when 88 is divided by q?
28
Calculate the remainder when 2/(-9) - (-600)/27 is divided by 13.
9
Calculate the remainder when 2 is divided by (-1)/(-3)*(4 + 2).
0
Let s be (-12)/(-2)*2/3. Suppose s*t + 2*r = r + 67, 0 = -5*t - r + 85. Calculate the remainder when 89 is divided by t.
17
Let k(h) = h**2 + 10*h - 15. Suppose 3*z = 3*q + 6, -3*q + 4*z = -8*q + 35. Suppose 0 = -q*j + 4*j - 25. Calculate the remainder when j is divided by k(-12).
7
Suppose -3*c + c + 50 = 5*u, -5*c = 3*u - 87. Calculate the remainder when c is divided by 1.
0
Suppose -d = -6*d + 100. What is the remainder when 79 is divided by d?
19
Let r = -6 + 4. Calculate the remainder when 3 - 90/r*1 is divided by 17.
14
Suppose -27*j = -25*j - 10. Let p = -30 + 49. Calculate the remainder when p is divided by j.
4
Suppose 0 = 2*q - 2*c - 22, -q = -3*q - c + 7. Calculate the remainder when q is divided by 2.
0
Let n = -27 + 40. Suppose -4*c + 6 = -2*c. Let u(v) = 12*v + 2. What is the remainder when u(c) is divided by n?
12
Let l(s) = -s**3 - 4*s**2 + 5*s - 5. Let w be l(-5). Let y(o) = 31*o. Calculate the remainder when y(1) is divided by (w/(-10))/(1/22).
9
Suppose 8*p = 17 + 31. Calculate the remainder when 17 is divided by p.
5
Suppose -3 = -0*a - 3*a. Let q = -18 + 70. Calculate the remainder when q is divided by (26 + a)/(3/2).
16
Let p(q) = q**3 - 21*q**2 + q + 13. What is the remainder when p(21) is divided by 18?
16
Suppose 4*r = 1 + 139. Let z be (-10)/(-35) + (-2)/7. Suppose z*i + 2*i - 24 = 0. Calculate the remainder when r is divided by i.
11
Suppose 0 = -5*u + 114 - 39. Let l = u + -7. Let r = 170 - 141. Calculate the remainder when r is divided by l.
5
Let r = 19 - 7. What is the remainder when 47 is divided by r?
11
Suppose -3*s + 278 = -s. Suppose -2*z - 39 = -s. What is the remainder when z is divided by 17?
16
Suppose m = -d + 73, -2*d - d + 65 = m. Calculate the remainder when m is divided by 20.
17
Let h be 28/(-182) - (-126)/(-26). Let t = -4 - h. What is the remainder when 1 is divided by t?
0
Suppose 25 = 2*s + 7. What is the remainder when 15 is divided by s?
6
Suppose 5*x = -b + 5, -b + 4*x + 21 = -11. Calculate the remainder when 37 is divided by b.
17
Let h be (-102)/14 + 20/70. Let l = 13 + h. What is the remainder when 11 is divided by l?
5
Let f be (-3 - (-13)/3)*-3. Let h = 5 + f. Calculate the remainder when h is divided by 1.
0
Let q = 11 + -8. Suppose 18 = -q*u - 3. Let s(z) = -2*z - 8. Calculate the remainder when 17 is divided by s(u).
5
Let o = 11 - -8. What is the remainder when 34 is divided by o?
15
Calculate the remainder when 477/27 + (-4)/6 is divided by 6.
5
Let o be (-3)/6*1*-8. Suppose o*x - 8 = -0*x. Suppose i + 5*j - 26 = 0, -4*i + 161 = -j + x*j. Calculate the remainder when i is divided by 14.
13
Let y(a) = 3*a + 6. Let g(c) = 2*c + 5.